*w - u = -2*j, 0 = -3*j - 5*w + 17. What are the prime factors of 6/5*(j + 1)?
2, 3
Let v = -14 - -40. What are the prime factors of v?
2, 13
Suppose 1 = o - 4. Suppose 5*k = -o, k = -0*t - 2*t + 11. What are the prime factors of t?
2, 3
Suppose 0 = -3*l + y + 66 + 314, 2*y = -5*l + 626. List the prime factors of l.
2, 3, 7
List the prime factors of (24/(-5))/(148/50 - 3).
2, 3, 5
Suppose -4*g + 3*v + 3 + 12 = 0, -3*g = -v - 10. Suppose i = 8 + g. List the prime factors of i.
11
Suppose -11*s + 10 = -9*s. What are the prime factors of s?
5
Let k(y) = y**2 + y + 8. Let g = 0 - -6. Let r be k(g). Suppose m + 4*d = d + 17, 2*m - 2*d - r = 0. What are the prime factors of m?
23
Suppose k = 120 + 16. List the prime factors of k.
2, 17
Let l(m) = 4*m**3 + 1 + m**2 + 0*m**2 - 2. Let o be l(2). Suppose 5*g + 5 = o. List the prime factors of g.
2, 3
Suppose -2*t - 6 = -3*t. Let p = 11 - t. What are the prime factors of p?
5
Suppose -5*o = i + 1, -4*i - o = 4*o - 41. Suppose -13*j + 2*j - 154 = 0. List the prime factors of 4/i + (-178)/j.
13
Let m be 2/(-11) + (-1258)/(-22). Let k = m - 35. List the prime factors of k.
2, 11
List the prime factors of (-5)/((-100)/3545) - 2/8.
3, 59
List the prime factors of (-38)/4*(-6)/3.
19
Suppose -k = 4*b + 30 + 5, k = 1. Let z be (-614)/b + 4/(-18). Suppose 4*a = 4*l + z, 0*a - 2*l + 22 = 2*a. List the prime factors of a.
2, 7
Let i = -8 + 38. What are the prime factors of i?
2, 3, 5
Let y(r) = -10*r + 2. Let t be y(-7). Suppose -3*v + t = 2*l, -3*v + 36 = 2*l - l. Suppose -4*w = -0*w - l. List the prime factors of w.
3
Let u(j) = 2*j**2 + 6*j + 22. What are the prime factors of u(-5)?
2, 3, 7
What are the prime factors of ((-9)/(-6))/(1/26)?
3, 13
List the prime factors of (1 + -6)/((-3)/30).
2, 5
Suppose 4*y = 16, -3*k + 230 = 2*k + 5*y. List the prime factors of k.
2, 3, 7
Let q(z) = -3*z + 9. Let f(h) = -h + 4. Let j(w) = -9*f(w) + 4*q(w). Let x(t) = t**3 - 5*t**2 - 1. Let i be x(5). List the prime factors of j(i).
3
Let c(l) = l**2 - 5*l - 19. List the prime factors of c(10).
31
Let p(i) = i**3 + 6*i**2 - i + 6. What are the prime factors of p(-5)?
2, 3
Let y = 3 + -3. Suppose y = 2*o - 12 + 4. What are the prime factors of o?
2
Suppose -3*r = 4*t - t, 2*t - 6 = -5*r. List the prime factors of r.
2
Suppose 3*q + 5*o - 32 = 0, 4*o + 0*o - 13 = -q. Let a be q - (3 + -3 + 2). Suppose 17 + a = 2*z. What are the prime factors of z?
2, 3
Let c(l) = 11*l**2 + 5*l - 5. List the prime factors of c(-4).
151
Let t(u) = -u**2 + u. Let s be t(0). Suppose -4*i - i + 20 = s. List the prime factors of i.
2
Suppose -3*r - 28 = -n, 0*n - 4*r - 54 = -2*n. Let k be (2/(-5))/((-5)/n). List the prime factors of (-1)/(k*3/(-42)).
7
Let w(v) = 28*v + 2. List the prime factors of w(1).
2, 3, 5
Suppose 0 = -g - 11 + 30. List the prime factors of g.
19
Let j = -15 + 22. List the prime factors of j.
7
Let v = -5 + 9. Suppose -v*a = -3*a - 29. What are the prime factors of a?
29
Let a(n) = n**2 + 7*n - 10. Let o be a(-8). What are the prime factors of 7 + (2*-1 - o)?
7
Let q = -34 - -69. What are the prime factors of q?
5, 7
Let d = 9 + -5. Suppose 2*m + 3 = -d*j + 17, -3*m = j - 11. Suppose 0 = j*v - 4 - 4. What are the prime factors of v?
2
Let d = 102 - -68. What are the prime factors of d?
2, 5, 17
Let c(x) = -x**3 + 4*x**2 + x. Let l be (12/4)/((-3)/(-4)). Let a be c(l). Suppose a*y + 17 - 45 = 0. List the prime factors of y.
7
Let v(d) = -d**3 - 17*d**2 - 15*d - 38. List the prime factors of v(-17).
7, 31
Let k be (5/2)/(4/8). Let y = -2 + k. List the prime factors of 37/y - 2/6.
2, 3
Let v = -5 - -11. Suppose a + 4*i = 48, -i + v*i - 15 = 0. Suppose -4*t + a = -2*h, 0 = 4*t + 2*h - 13 - 23. List the prime factors of t.
3
Suppose 10*t - 33 = 7*t. What are the prime factors of t?
11
Suppose -20 = 6*o - 10*o. Suppose 5*c + 85 = -0*p + o*p, 13 = p - 2*c. List the prime factors of p.
3, 7
Let t be (-4)/1 - -6 - 4. List the prime factors of ((-2)/(-2)*-8)/t.
2
Suppose -3*r - 2*r + 45 = 0. Suppose r*v = 6*v + 156. List the prime factors of v.
2, 13
Suppose 2*o + 224 = 630. What are the prime factors of o?
7, 29
Suppose b = -b + 4*d + 492, -b + 3*d + 241 = 0. Let o = -6 + 4. List the prime factors of b/40 + o/5.
2, 3
Let t(r) = 2*r**2 + r + 4. Let n be t(-4). List the prime factors of n - (3 - (1 + 2)).
2
What are the prime factors of 4/(-8) - (-1 - 585/2)?
293
Suppose 2*o + i = 227, -3*i = o + 3*o - 457. List the prime factors of o.
2, 7
Let q = 70 + -31. Suppose -4*i - q = -7*i. What are the prime factors of i?
13
Let x = -2 + 2. Let m = -3 - 0. Let i = x - m. List the prime factors of i.
3
Suppose 2*o = -x - 0*x + 587, 281 = o - 2*x. List the prime factors of o.
3, 97
Let g(x) = x**2 - 5*x - 3. Let v be g(6). Suppose 4*b = -2*o + 46, v*b = -o + 19 + 16. What are the prime factors of b?
2, 3
Let c be ((-3)/(-6) - -3)*2. Let y(r) = r**2 - 2*r. Let n(d) = -3*d**2 + 6*d. Let a(k) = c*y(k) + 2*n(k). List the prime factors of a(-2).
2
Let i be (-4)/(-18) - (-280)/36. Suppose 2*s + 2*y = 42, 4*y + 0 = -i. What are the prime factors of s?
23
Let p be -1 + 3*2 + 0. Let n = p + 0. Suppose 5 = n*o, -4*m + 31 = 5*o - 2*o. List the prime factors of m.
7
Let t be (1 - 5) + (5 - 2). Let h = t + 3. Suppose -w = -h*w + 12. What are the prime factors of w?
2, 3
Let r(w) be the second derivative of -1/2*w**2 - 1/6*w**3 + 0 - 2*w. What are the prime factors of r(-5)?
2
Let a = -52 + 86. What are the prime factors of a?
2, 17
Suppose 3*y - p = 4*p + 514, 3*p = -4*y + 724. List the prime factors of y.
2, 89
Suppose -2*m = -5*b + 290, 185 = 3*b - 3*m + 20. Suppose 5*s - b = -0*s. What are the prime factors of s?
2, 3
Suppose 0 = 3*d - 3*y - 1051 + 106, -1545 = -5*d - y. List the prime factors of d.
2, 5, 31
Let y be (5/(-10))/((-2)/(-60)). Let g = 29 + y. What are the prime factors of g?
2, 7
Let n(o) = 2*o + 8. Let h be n(-7). Let m(w) = w**2 + 6*w + 1. Let v be m(h). Suppose 2 + v = g. List the prime factors of g.
3
Suppose y - 2 = 0, 4*y = -3*c - 0*c + 389. List the prime factors of c.
127
Let y be (-2 - (-7 - 1)) + -2. Suppose -y*k + 27 = -21. List the prime factors of k.
2, 3
Let a = -1 - 0. Let k = 0 - a. Suppose -l + 9 = k. What are the prime factors of l?
2
Let k = 4 - 8. Let i = k - -6. List the prime factors of i.
2
What are the prime factors of 3*(-10)/(-10)*253/3?
11, 23
Let v = -1 - 2. Let k = 5 - v. What are the prime factors of k?
2
Let t(z) = -z**3 + z + 1. Let s be t(-2). Suppose -2*d = -j - 4, 2*d + 5 - 3 = -2*j. Let b = s + j. List the prime factors of b.
5
What are the prime factors of (-8 + 9)*(55 - 0)?
5, 11
Let i(b) = -2*b + b**3 + 3*b - 2*b + b**2 - 1. Let z be i(-2). What are the prime factors of z/(-12) - 39/(-4)?
2, 5
Let g(w) = w**3 - 8*w**2 - 7*w - 9. Let q be g(9). Suppose c + 2*n - 6 = 0, -4*n = 4*c - q*n - 50. What are the prime factors of c?
2, 5
Suppose 16 = 3*q + q. What are the prime factors of q?
2
Let m = 0 - -5. Suppose 2*y = 61 + m. List the prime factors of y.
3, 11
Let o(b) = 6*b**2 - 18*b + 9. List the prime factors of o(7).
3, 59
Let y(d) = -d - 1. Let q be y(3). Let f(j) = 3*j + 6. Let z be f(q). List the prime factors of 4/(-6) + (-58)/z.
3
Let r = 12 - 25. Let h = -6 - r. List the prime factors of h.
7
Suppose -3*r - l = 4*l - 35, 30 = 2*r + 5*l. Suppose -r*o + 0*o + a = -44, 0 = 3*o - 4*a - 40. List the prime factors of o.
2
Suppose -4*y = -0*y - 508. List the prime factors of y.
127
Let q be (-6)/(-4)*-4*1. Let x be (-6 - q)/(1 + 1). Suppose x*o + 6 = 2*o - 2*m, -2*m + 36 = 5*o. List the prime factors of o.
2, 3
Suppose -3*k - 1 = -3*d + 2, 2*k + 4*d = 22. Suppose -k*v + 1 = 5*t + 6, 4*v = 2*t + 2. Suppose -3*n + v*n = -30. List the prime factors of n.
2, 5
What are the prime factors of 41 - (2 + -1)/1?
2, 5
Let o = 12 - 7. Suppose 0 = o*q - 0*q + 2*w - 35, -3*w = 3*q - 30. What are the prime factors of q?
5
Let r(k) = -k**2 - 12*k + 10. Let n be r(-10). Suppose -q + 6*q - n = 0. Suppose -d - q = -4*o, 2*o - 2*d + 10 = 5*o. List the prime factors of o.
2
Let o be (2 - 3)/(2 + -1). Let i be 2/(o/10*-1). Suppose 0*m - 5*m + i = 0. What are the prime factors of m?
2
Let r(x) = 15*x. List the prime factors of r(1).
3, 5
Suppose 50 = -2*i - 3*i. Let d be ((-18)/i)/((-12)/(-40)). List the prime factors of 28/d -